 - 1)).
2
Calculate (19 - (44 + -29)) + (-19 - 2).
-17
What is 49 + 64 + -111 + (2 - 1 - -11)?
14
Calculate -32 + (-19 - (19 + -55)).
-15
What is -6 - (25 - 12) - -3?
-16
What is (10 + -13 + 8 - -3) + -31 + 1?
-22
What is the value of -4 + (27 + -23 - (-4 + 3)) + -4?
-3
(23 - 22 - -8) + 8
17
What is the value of 15 + (3 - 8) + 8 + -3 + -3?
12
Evaluate -179 - -184 - (28 + 4).
-27
(7 - 8) + 7 - -2 - 2
6
What is -4 - (10 - (6 - (-9 + 4) - 7))?
-10
Calculate (3 - (-10 + 20 + 2)) + -1.
-10
Calculate 6 + 11 + (-13 - -1).
5
(1 - -48) + 26 + -46 - (8 + -2)
23
-15 + 37 + -53 - -34
3
What is (0 - 21) + (6 - -4) + -2?
-13
Evaluate -21 + -1 + 2 + (-65 - (-8 + -52)).
-25
Evaluate -3 + -9 + (-248 - -226).
-34
(-14 - -23 - 0) + -15
-6
What is the value of (-8 - 4 - (29 - 36)) + (-16 - -1)?
-20
Evaluate 10 + -15 + 3 + 2.
0
(30 - (11 + 3 - 10)) + -4
22
Evaluate (31 - -24) + (11 - 40).
26
Evaluate -13 - (-14 + 41 - 68).
28
2 - 0 - (17 + -19) - -3 - 8
-1
Calculate -29 + ((7 - 6) + 2 - -10).
-16
2 - (-24 + -30 + 67)
-11
-16 - (9 - 26) - 32
-31
Calculate 6 + (-6 + 3 + 9 - (1 - -6)).
5
Evaluate (49 - 56) + (1 - 2 - -7).
-1
Evaluate (8 - 2) + 12 + (-7 - 4) + 1.
8
(20 - 4) + (6 + 7 + -9 - 11)
9
Calculate (-3 - -3) + 10 - (160 + -169).
19
Calculate (-5 - (-8 - (8 + -15 - -4))) + 9.
9
-9 - -8 - (-6 + -2)
7
What is 4 + -33 + (6 - -8) - -5?
-10
What is the value of -8 - (-21 - (-4 - -5))?
14
Calculate 122 - 119 - (0 + -1).
4
(7 - (1 + -17 - -34)) + 17
6
Evaluate (-14 - -4) + (67 - 39).
18
Calculate 6 + 1 + (-9 - 10).
-12
What is 16 + (8 - -1) + -13?
12
Evaluate (-64 - -112) + -26 + 1.
23
What is the value of -2 + (7 - (5 + -1)) + -7 + -18?
-24
What is 11 + 22 + (-27 - -4)?
10
Calculate (8 - (1 + 9)) + (0 - (13 - 10)).
-5
Calculate -11 + (-7 - (-4 - -3) - -9) + -8.
-16
Evaluate -1529 + 1532 - (1 + -17).
19
What is (-2 - -14 - 11) + -7 + 2 - -10?
6
Evaluate 15 - (-17 - -10) - 10.
12
What is the value of (0 - -2 - 9) + 24 + -20 - -9?
6
(23 - 33) + 26 - 3
13
What is the value of 8 - (-19 + 19) - 17?
-9
Calculate (-1 + -4 - -8) + -13 + 12 + 12.
14
What is (12 - (0 - -3)) + -13?
-4
What is 289 + -243 - (22 - 1)?
25
Evaluate (116 - 116) + 2 + 2.
4
What is (-337 - -349) + -1 + -6?
5
(-43 - 0) + -250 + 262
-31
Calculate (95 + -85 - (7 - 1)) + 2 + -17.
-11
What is (-1 - -17) + 713 + -730?
-1
What is 8 + (11 - 23) - -4?
0
159 + -157 - (0 - -4)
-2
Calculate 5 - -1 - 3 - ((9 - -9) + -18).
3
(-11 - 0 - (-381 - -366)) + (0 - -9)
13
What is the value of 96 - 91 - (4 - (-1 - -1))?
1
What is 16 - 24 - (4 + -12 + 36 + -9)?
-27
Calculate 16 + 1 + -16 - (3 - 14).
12
2 + 0 - (-18 + -6) - 12
14
What is 11 + -8 + -1 + -9 + 9 - -19?
21
What is -22 + (-21 + 9 - -16)?
-18
-13 - ((-29 + 15 - -29) + -39)
11
What is the value of -30 - (-8 + (-32 - -9))?
1
What is 15 + 14 + -34 + -14 + 18?
-1
Calculate 2 + 4 + 2 + -5 + (5 - 7).
1
What is the value of 8 - (42 + (13 - 31))?
-16
What is 17 + -3 + -2 - -2?
14
Evaluate -14 + 5 - -11 - 8 - 1.
-7
Evaluate -9 + 28 - 2 - -2.
19
(9 - 2) + -9 + 3 + (2 - 14)
-11
What is -11 + 15 + -11 - (-17 - 3)?
13
Evaluate (39 - 46) + (7 - 5) + 3.
-2
Evaluate 1 + 1 + (-5 - (-7 - (-3 + -4))).
-3
What is the value of (-16 - -14) + -5 + 12 + -6 - -5?
4
Evaluate 23 - (-5 + (-4 - -3) + (7 - -1)).
21
Evaluate 3 + -30 + 20 - -31.
24
What is the value of (4 - 1) + (23 - (19 - -38))?
-31
Calculate (-4 + 6 + -8 - -6) + -20 - -4.
-16
What is (2 - (9 - -12)) + 2 + 7?
-10
16 - -13 - 31 - -4
2
Calculate -5 + 3 + 4 - (-8 - 10 - 0).
20
What is -21 - 2 - ((-9 - 3) + 1)?
-12
Evaluate 15 + -2 - (54 + -3 + -24).
-14
What is (228 - 217) + (-7 - 1)?
3
Evaluate (-26 + 17 - (18 + -6)) + 2.
-19
Calculate 2 + 0 + (-129 - -146).
19
Calculate -2 + -13 - (-10 - 3) - 4.
-6
Calculate (12 - 10) + (-3 - (-3 + 3)).
-1
What is the value of -13 - -19 - (11 + -2)?
-3
Evaluate 14 + 5 + -7 - 2.
10
What is the value of 3 + 0 + 15 + (3 - 11)?
10
What is the value of 2 + -11 + (9 - -14 - 17) + 3?
0
What is the value of 17 + -8 + (11 + (0 - 4) - 11)?
5
What is 59 + (-22 - -19) + -29?
27
What is -6 + (-12 - -4) - -11?
-3
What is the value of 7 + (-11 - -2) - (5 - -10 - 5)?
-12
(2 + 13 - (27 - -4)) + 32
16
What is 5 - (23 + -19 + 0 + 0 + 1)?
0
Evaluate 18 + -11 - (7 - 9) - 15.
-6
Evaluate 8 + 0 - (-14 + (19 - -3)).
0
-3 + (18 - 4) - (13 + -20) - 5
13
What is 6 - (-7 + 7 + -7) - 0?
13
Evaluate (8 + 4 + 9 - 14) + -3.
4
Calculate -15 + 7 + (14 - -1).
7
What is (0 + 4 - (16 - -3)) + 3?
-12
Evaluate -67 + (9 + -11 - -40).
-29
Evaluate 24 + (-6 - (-7 - -11)).
14
Evaluate 23 + -24 + 4 + 4.
7
Calculate -13 + -17 + (18 - -2).
-10
What is the value of 67 - 24 - (-6 + 12 + 11)?
26
What is -2 + 2 + -6 + (4 - 1) + -13?
-16
Calculate (17 - 1) + -2 + (-1345 - -1320).
-11
Calculate 16 + -3 + -12 + (-2 - -1).
0
What is the value of (-15 - -16) + -18 - -4?
-13
What is the value of -3 + 8 + 0 + 2 + 13?
20
What is 34 + -29 - (4 - 2) - 2?
1
Evaluate 3 - 1 - (-272 - -264).
10
Evaluate 1 - (6 + -15 + 21 - 11).
0
(-4 - 6 - (2 - 8)) + -3
-7
-55 + 45 + 15 + 4
9
Calculate -2 - -4 - (12 - 23 - (-3 - 0)).
10
What is 5 - ((36 - 37) + 8 + -1) - 8?
-9
What is the value of -4 - -9 - (2 + -25 + 8 - 3)?
23
What is the value of -13 - 1 - (610 + -596)?
-28
Evaluate 8 - -7 - (-11 + 21).
5
Calculate 1 + (-3 - 3) + 17 + -17.
-5
-9 - (23 - 38) - (-3 + 14 - 3)
-2
Evaluate 97 + -33 - 24 - 73.
-33
Calculate 8 + (-2 - -6) + (7 - 3) + -5.
11
Evaluate (-13 - 0 - -15) + 9.
11
What is 1 + 0 - (-3 + 15) - (505 + -524)?
8
What is -16 + 8 + (-20 - -12) + 35?
19
What is -9 + -21 + (18 - -46)?
34
Calculate 14 + (4 - -4 - 6) + -3 + -2.
11
What is the value of 2 - (-8 - (-7 - 5))?
-2
0 - (3 + -1 - -2) - (-10 - -5)
1
What is -11 + (24 - 4 - -12)?
21
What is the value of 26 + (-39 - -15) + 13 + -1?
14
Evaluate -18 - (-11 + -21 + 11).
3
What is -9 + 7 + 9 + -8 - 7?
-8
What is the value of 1 + -12 + 2 + 0 - (0 - 6)?
-3
Calculate -1 + 0 + 4 - (-302 - -307).
-2
What is -5 + (-8 - (-6 - (-4 + -3))) + 3?
-11
Evaluate -13 - (10 + -22) - 5.
-6
28 + -49 + (21 - 12 - 6)
-18
What is (-55 - -21 - -24) + 14?
4
8 + 17 + -6 + 32 + -35
16
Evaluate 13 + 1 - (-27 + 21 - (-8 + -5)).
7
(-15 - -9) + -15 - -38
17
Evaluate -3 + (3 - -1) + 0 + -6.
-5
What is 4 + -6 + -1 - (-12 - -1)?
8
Evaluate (-85 - -66) + (-4 - (10 - 8)).
-25
Evaluate (-51 - -72) + -16 + (-1 - 18 - 0).
-14
Evaluate -14 - (-11 + 9) - (0 - (16 - 1)).
3
Evaluate -5 - ((-12 - -7) + 10).
-10
Evaluate 4 + 3 + -2 + 1 + (-3 - 10).
-7
Calculate 2 + -3 + 6 + -4 + -5.
-4
Evaluate -21 - -47 - 39 - 16.
-29
Evaluate -32 - (6 - (13 - -5) - (3 + -8)).
-25
Calculate 5 + (2 - (-14 + 7 + 30) - -3).
-13
Calculate (71 - 0 - 14) + -35.
22
What is -20 + 10 + -17 - -14?
-13
What is (0 - -1) + 0 - (-6 - -22 - 6)?
-9
What is the value of 11 + 1 + -8 - (0 + 3 - -1)?
0
(13 - 24) + 22 + (-23 - 1)
-13
What is (27 - (-2 - -6)) + -2 + 2?
23
49 - ((79 - -31) + -47)
-14
Evaluate -2 + (3 - -2) + 7.
10
-23 + 5 + -27 - -31
-14
Calculate 2 - 15 - (2 - -24 - 19).
-20
29 - (25 + (-13 - (18 - 13)))
22
What is the value of -2 - (-7 + 0 - 0) - (-75 - -72)?
8
Calculate 13 + -5 + (-6 - -6 - 1) + -25.
-18
What is the value of -9 - (1 - 0 - -1 - -3)?
-14
What is (7 + (6 - 24) - 7) + -2 + 10?
-10
What is the value of -21 - (-16 + 4) - -26?
17
Calculate 0 - -43 - (22 - (12 - -5)).
38
-10 - -24 - 10 - 7
-3
What is the value of 1 + 2 - ((-1 - 2) + (72 - 66))?
0
Calculate 25 - (-19 - -14 - -16).
14
-19 - ((40 - 17) + -62)
20
What is (13 - -17) + 25 + -39?
16
What is the value of 1 + (-1 - -8) + (-64 - (11 + -70))?
3
Calculate -2 - (-3 + (-6 - -6) - 2) - 6.
-3
Evaluate -2 - -7 - (47 + -41).
-1
What is -1 - 1 - 2 - (-108 + 91)?
13
What is the value of 11 - ((-1 - -23) + -26)?
15
Evaluate -1 + 0 - (-24 + 28 + -14).
9
Calculate -18 - -28 - 12 - (-3 - -15 - 4).
-10
Calculate (7 + 1 - 2) + 1 + -4.
3
What is -29 + 17 + 42 - (-4 - (-12 - 0))?
22
Calculate (16 - 12) + -10 - 6 - 13.
-25
What is the value of (-3 - (0 - 5)) + (3 - 9 - -2)?
-2
What is the value of 6 + -3 + (-2 - 0 - -5) - 18?
-12
What is the value of 9 - ((-2 - 1) + (189 - 201))?
24
What is (-42 - -42) + -3 + -10?
-13
Calculate -34 - (-7 + -10 - 14).
-3
What is -20 - (2 - -4 - (9 - 19 - -8))?
-28
What is -2 + -10 - (3 + -12) - 1?
-4
What is (-5 + 0 - (6 - (-13 + 21))) + 25?
22
-2 + -12 + 7 + 1
-6
Calculate -2 - (-5 - (-11 +